(z) + 8*c(z). Suppose 3*n - 45 = -4*a - 10, a - 9 = -n. Calculate q(a).
7
Suppose 4*c = 5*f - 44, -3*f - 2*c + 27 = -5*c. Suppose -4*m = -f*m + 12. Let h(u) = 2 - u + m*u - 4*u - 1. Calculate h(-1).
3
Let i(k) = 14*k**3 - 59*k + 28*k - 32*k**3 + 30*k + 1. Determine i(1).
-18
Let v(c) = -c**2 - c + 2. Suppose -n + a - 3 = -0*n, 5*n + 9 = 3*a. Suppose n = 3*r + 5*r. What is v(r)?
2
Let j(x) = 3*x - 7. Let q be j(3). Suppose -q*b - 32 = 2*b. Let h(y) = y. Determine h(b).
-8
Suppose 4 + 5 = 3*h. Suppose 3*f = -6 - h. Let z(c) = -2*c + 2 + 3*c - 2*c. Calculate z(f).
5
Let g(u) = u**2 + u + 4. Let o be g(-2). Let r = -4 + o. Let z(l) = l**2 - 4*l + 3. Determine z(r).
-1
Let z(p) = -129 - 138 + 273 + 3*p. Determine z(-2).
0
Suppose -i = -7 + 3. Suppose 0*l - 2 = 2*l - i*x, 13 = -3*l + x. Let q(s) be the third derivative of s**6/120 + s**5/10 + s**4/8 + 2*s**2. Determine q(l).
10
Let l(f) = -8*f. Let w = 747 + -748. Determine l(w).
8
Let x(m) = 2*m**2 + 8*m + 8. Let z(r) = -5*r**2 - 16*r - 17. Let q(b) = 7*x(b) + 3*z(b). Let j(c) = 11*c - 37. Let w be j(4). What is q(w)?
12
Let y be 4 - (-3 - (8/(-2) + 2)). Let s(x) = 10*x - 3 + y - 13*x + 5*x**2. Give s(2).
16
Let n(x) be the first derivative of 5*x**3/3 + x**2 + x + 90. Determine n(-2).
17
Let p(m) = -m**2 - 3*m - 6. Let g(a) = -a**3 + 2*a**2 + 13*a + 4. Let w be g(5). Calculate p(w).
-24
Let i(f) = -2*f + 18. Let a(z) = -z + 6. Let j(p) = 8*a(p) - 3*i(p). Calculate j(-7).
8
Let o = 24 - 23. Let n(w) = w. Let k(c) = c**2 + 4*c - 2. Let t(g) = o*k(g) - 2*n(g). Let p(m) = m. Let b be p(-3). Calculate t(b).
1
Let n(j) = -86*j - 76*j + 4 + 160*j. Determine n(6).
-8
Let b(j) be the second derivative of j**4/12 + j**3 + 3*j**2 - 3*j. Let m(f) = -f - 8. Let a be m(-6). Let o be (a/(-4) - 6/(-12))*-6. Give b(o).
6
Let t(k) = -k**2 + 2*k - 1. Suppose -i - 12 = -2*z - 3*z, -4*i = -5*z + 63. Let p be 3/(-12) + i/(-4). Suppose -p = 2*w - 0. Determine t(w).
-9
Let p(h) be the second derivative of -h**3/3 + 5*h**2/2 - 6*h + 2. Let t(c) = -c + 10. Let z be t(5). What is p(z)?
-5
Let w be (4 + -2)*(-25)/(-10). Let y(d) = 36*d - w - 34*d - 1. Let m = -1 - -5. What is y(m)?
2
Let m(k) = 15185 - k - 30370 + 15179. Let n = 6 + -11. What is m(n)?
-1
Suppose -g = 2*u - 0 - 12, -3*u + 5 = -5*g. Suppose u*p + 10 = 5*c, 2*p + 1 = 3. Suppose q + 0 = c. Let h(f) = f**3 - f**2 - 4*f - 1. Calculate h(q).
5
Let o(n) = -259*n + 1287. Let g be o(5). Let i(z) = -2*z - 13. What is i(g)?
3
Suppose -9 - 11 = -4*g + 4*p, 3 = g + p. Let y(h) = -5*h. Give y(g).
-20
Let h(y) = y**2 + 7*y + 5. Let d = 18 + 14. Suppose -v - 4*j - 26 = 0, 4*j + d = -3*v + v. Give h(v).
-1
Suppose -3*w = 4*x - 0*w - 16, 5*x - 3*w = 20. Let h(z) = x + 3*z**2 + 4 - 3*z**2 + z**2 + z. Determine h(0).
8
Let z(i) = -7*i + 0*i + 0 + 8*i + 1. Let o = -3 + 8. Suppose -o*v + v - 16 = 4*t, 12 = -4*t. Determine z(v).
0
Let r(w) = 3*w - 12. Let b(m) = -1. Let j(k) = -2*b(k) + r(k). Determine j(2).
-4
Suppose 30 = -5*c - 5*h, -3*h = c + h + 12. Let b(d) be the first derivative of 1/2*d**2 - 4/3*d**3 - 38 - 1/4*d**4 - 4*d. Calculate b(c).
-8
Let o(j) = -16*j + 28. Suppose -5*a - 18 = -2*c + 3*c, a - 4 = -4*c. Give o(c).
-4
Suppose 17 = -4*l + 5, 42 = -5*x - 4*l. Let s = 7 + x. Let p(v) = 8*v. Determine p(s).
8
Let k(f) = -1. Let w(b) = -b - 1. Let o(n) = -2*k(n) + 2*w(n). Let v(p) = p**2 + p + 3. Let l be 3/(-6) - (-1)/2. Let m be v(l). Determine o(m).
-6
Let f(g) = -g**3 - 4*g**2. Let y be (-360)/(-1080) - 3/((-9)/(-10)). What is f(y)?
-9
Let k(p) = p - 4. Suppose 5*l - 5*r + 2 = 2*l, 0 = -l - 5*r - 34. Calculate k(l).
-13
Let v(a) = -59 - 4*a**2 + a + 5*a**3 - 41 - 4*a**3 + 95. Give v(5).
25
Let p(c) = 7*c**3 - 9*c**2 + 7*c - 4. Let i(j) = -8*j**3 + 10*j**2 - 8*j + 5. Let y(l) = -5*i(l) - 6*p(l). Give y(2).
-5
Let y(q) = -10 - q - 6*q**2 - 1 + 16 + 3*q**3 + 3*q - 4*q**3. What is y(-6)?
-7
Suppose -3077*h = -3092*h - 105. Let i(s) be the third derivative of -s**4/24 - s**3/3 + s**2. Give i(h).
5
Let l(c) = 5 - 2*c + 1 - 4 + c**2. Suppose -7*h + 27 = -15. Suppose o - 10 = -4*a, -6 = -2*a - 4*o + h. What is l(a)?
2
Suppose 4*b + 6*a = 4*a + 14, 3 = -a. Let m(g) be the second derivative of -35*g + 1/6*g**3 + 0 - 3*g**2. Determine m(b).
-1
Suppose -4*y + 18 = -6. Let b(h) = -2 + h**3 + 6 + 2*h - 6*h**2 - 5. Give b(y).
11
Let y(h) = 8*h. Let l = 56 + 26. Let u = l - 83. What is y(u)?
-8
Let w(r) = -40*r + 366. Let q be w(9). Let h(c) = c**2 - 14*c + 42. Calculate h(q).
-6
Let w be 40/8 - (-3)/(-1). Let t(y) = -y**2 - 10*y + w + 4*y + 4*y. Let z(n) = -n**3 - 6*n**2 - 4*n + 2. Let k be z(-5). Determine t(k).
-1
Let p(d) = d**3 + 3*d**2 - 7*d - 5. Let y(b) = -2*b - 30. Let h be y(-17). Suppose 2*j - 4*j - 2*g - h = 0, -10 = 4*j + 3*g. Calculate p(j).
7
Let b(l) = l**2 - l. Let r(a) = 4*a**2 - 21*a - 22. Let y(u) = 5*b(u) - r(u). Determine y(-15).
7
Let v = -1802 + 1804. Let a(l) be the second derivative of -l**4/24 + l**3/3 - l**2/2 + l. Let o(h) be the first derivative of a(h). Determine o(v).
0
Let q(p) be the second derivative of 2*p**5/5 - p**3/6 - 11*p - 4. Determine q(1).
7
Let i(t) = 2*t**2 - 2*t - 2. Let g(y) = -2*y**3 - 51*y**2 + 26*y + 2. Let x be g(-26). Give i(x).
2
Let h(s) = s + 3. Let z(b) = -b**3 - 6*b**2 + 2*b - 11. Let l be z(-7). Let g = l - 20. Suppose 1 + 7 = 2*j + 4*i, 3*j = -g*i + 2. Calculate h(j).
-3
Let y(d) = -d + 12. Let m(k) = -k**2 + 32*k + 11. Let j be m(32). Calculate y(j).
1
Let a(g) = g**2 - 4*g - 64. Let z be a(10). Let p(c) = -c**3 - 4*c**2 - 2*c. Determine p(z).
8
Let x = -232 - -254. Let j(w) = w**3 - 23*w**2 + 21*w + 28. Calculate j(x).
6
Suppose 10 = -l - 5*v, 0*v + 2 = l - v. Let p(i) = i**3 + i**2 - i + 19. What is p(l)?
19
Suppose -2 = -u - 0, 0 = 3*c - 3*u. Let n(i) = 14*i - i**c - 8*i - 5 + 7*i. Calculate n(13).
-5
Suppose 0 = -11*v + 277 - 57. Let o = v + -16. Let f(c) = -3*c + 2. Determine f(o).
-10
Let b(l) = -15*l**3 + 1 + 7*l**3 - l**2 + 7*l**3 + 4*l. Give b(-4).
33
Let y(g) = -g**2 + 9*g - 6. Let w be y(10). Let p = w - -10. Let o(j) be the first derivative of j**3/3 + 2*j**2 - 7*j + 2. Determine o(p).
5
Let j be 2/10 + (-8)/(-10). Suppose 9 = 13*l - 10*l. Let y(q) = l*q + q - 6*q + q. Determine y(j).
-1
Let c(z) = -z**2 + 8*z - 4. Let x(y) = 4*y**2 + 3*y + 5. Let m(b) = 9*b**2 + 5*b + 9. Let d(l) = -2*m(l) + 5*x(l). Let n be d(-2). What is c(n)?
11
Let y = 27 - 18. Let x(q) = 3*q - 17*q**2 + y*q**2 + 9*q**2. Determine x(-3).
0
Let a = -3867 + 3869. Let g(u) = 4*u**2 + 5*u - 2. Let v(c) = 2*c**2 + 3*c - 1. Let y(x) = -3*g(x) + 5*v(x). Determine y(a).
-7
Let s(w) = -11 - 225*w + 113*w + 4 + 119*w. Calculate s(8).
49
Let k = 251 - 257. Let d(m) = -14*m - 21. Let r(u) = 5*u + 7. Let h(v) = 6*d(v) + 17*r(v). Determine h(k).
-13
Let h(j) = j**2 + 3*j. Let a(c) = 3*c**2 + 9*c. Suppose 4*k - 12 = -b + 5, -2*b - 3*k = -9. Let d(r) = b*a(r) + 8*h(r). Give d(-4).
-4
Let l(u) = -u + 1. Let n(v) = 4*v. Let w(s) = -3*l(s) - n(s). Suppose 4*o = -11 + 23. Calculate w(o).
-6
Let s(n) = -n + 2. Let y(j) = 4*j - 78. Let d(u) = s(u) + y(u). What is d(27)?
5
Let y(n) = -47*n**2 + 9*n + 49*n**2 + 2*n + 6. Give y(-8).
46
Let u(v) = -v + 2. Let m(c) = c**2 - 2*c + 5. Let p(j) = 3*m(j) - 7*u(j). What is p(-2)?
11
Let k(m) = -m**2 + 5*m - 1. Let u(a) = a**2 + 9*a + 11. Let p be u(-8). Let z be k(p). Let h(x) = x**3 - 6*x**2 + 8*x - 6. What is h(z)?
9
Suppose 0 = 3*t + m - 31, 18 = -4*t - 2*m + 62. Let r(c) = -c**2 + 10*c - 12. Give r(t).
-3
Let r be ((-3)/(-2))/((-7)/28). Suppose -3*z = -4 + 25. Let t = r - z. Let u(n) = 4*n. What is u(t)?
4
Let w = 91 + -26. Let i be ((-78)/w)/((-4)/(-10)). Let o be (i - -3)*(-3)/(-12). Let l(b) = b**3 + b**2 - b. Determine l(o).
0
Let l(u) = u**2 - 12*u - 3. Suppose -656 = -6*k - 620. Calculate l(k).
-39
Let n(d) be the third derivative of 0*d**4 + 0*d + 0 - 1/20*d**5 + 0*d**3 + d**2 + 1/120*d**6. Determine n(3).
0
Suppose -4*t = 12, -2*t - 24 = -5*y - 4*t. Let u(o) = -2*o + 3. Calculate u(y).
-9
Let c(w) = -3*w + 11. Let u(h) = -2 + 2 - 4 + h. Suppose -2*i = z + 5 + 1, 0 = -4*i + 4*z - 24. Let x(t) = i*c(t) - 11*u(t). Calculate x(-1).
-1
Let u(s) = -5*s**3 + s**2 - 1. Suppose -2*m = -5*m + 6. Suppose 4 = -v, 0 = -q + 6*q - m*v - 153. Let z = q + -30. What is u(z)?
5
Let r(b) = b**3 - 7*b**2 + 2*b. Suppose 11*x = 